{"id":38,"date":"2023-06-29T11:10:49","date_gmt":"2023-06-29T11:10:49","guid":{"rendered":"https:\/\/ventanasprodeco.com\/noticias\/?page_id=38"},"modified":"2026-01-07T09:31:18","modified_gmt":"2026-01-07T09:31:18","slug":"politica-de-privacidad","status":"publish","type":"page","link":"https:\/\/www.ventanasprodeco.com\/noticias\/politica-de-privacidad\/","title":{"rendered":"Pol\u00edtica de privacidad"},"content":{"rendered":"\n<h2 class=\"wp-block-heading\">Introducci\u00f3n<\/h2>\n\n\n\n<p>En&nbsp;<strong>Prodeco Group<\/strong>&nbsp;garantizamos la protecci\u00f3n de los datos de nuestros clientes. El sitio web de&nbsp;<a href=\"https:\/\/www.ventanasprodeco.com\/\">VentanasProdeco.com<\/a>&nbsp;no reconoce de modo autom\u00e1tico ning\u00fan dato referente a la identidad de los visitantes de sus p\u00e1ginas.<\/p>\n\n\n\n<p>En aquellos supuestos en que el usuario solicite informaci\u00f3n sobre servicios o productos o desee realizar tramitaci\u00f3n de reclamaciones o incidencias, a trav\u00e9s del env\u00edo de formularios residentes en p\u00e1ginas web de VentanasProdeco.com, ser\u00e1 en todo caso necesario recoger aquellos datos personales que correspondan para poder informarle sobre su solicitud.<\/p>\n\n\n\n<p>Todos estos datos son tratados con absoluta confidencialidad, siendo utilizados para las finalidades para las que han sido solicitados, en el marco de la Ley Org\u00e1nica de Protecci\u00f3n de Datos de Car\u00e1cter Personal y dem\u00e1s normas jur\u00eddicas concordantes.<\/p>\n\n\n\n<hr class=\"wp-block-separator has-alpha-channel-opacity\"\/>\n\n\n\n<h2 class=\"wp-block-heading\">(I).&nbsp;Titularidad<\/h2>\n\n\n\n<p><strong>Ventanas Prodeco Group<\/strong>&nbsp;es una marca comercial de la Empresa&nbsp;<strong>PRODECO COSTA CONSTRUCCIONES, S.L.<\/strong>&nbsp;Sociedad constituida en Madrid, Espa\u00f1a.&nbsp;<strong>C.I.F: B-87346672<\/strong>, domiciliada en la Calle General D\u00edaz Porlier 109, Local. Madrid (28009). Espa\u00f1a. Entidad titular del sitio web y del fichero al que se incorporan sus Datos de Car\u00e1cter Personal, as\u00ed como la responsable del tratamiento de los mismos.<\/p>\n\n\n\n<hr class=\"wp-block-separator has-alpha-channel-opacity\"\/>\n\n\n\n<h2 class=\"wp-block-heading\">(II).&nbsp;Recogida y tratamiento<\/h2>\n\n\n\n<p><strong>2.1. Datos de Car\u00e1cter Personal:<\/strong>&nbsp;Prodeco Group recabar\u00e1 los Datos de Car\u00e1cter Personal de los Usuarios, a trav\u00e9s de formularios en l\u00ednea, v\u00eda Internet. Los Datos de Car\u00e1cter Personal recabados, en funci\u00f3n de cada caso ser\u00e1n, entre otros: nombre y apellidos, domicilio, n\u00famero de tel\u00e9fono, correo electr\u00f3nico, direcci\u00f3n de env\u00edo.<\/p>\n\n\n\n<p>Los Usuarios, expresa e inequ\u00edvocamente, prestan su consentimiento para que los Datos de Car\u00e1cter Personal se incorporen al Fichero de Datos de Car\u00e1cter Personal, inscrito en la agencia de protecci\u00f3n de datos.<\/p>\n\n\n\n<p><strong>2.2. Finalidad:<\/strong>&nbsp;La finalidad de la recogida y tratamiento automatizado de los Datos de Car\u00e1cter Personal ser\u00e1:<\/p>\n\n\n\n<p><strong>2.2.1.<\/strong>&nbsp;Facilitar la gesti\u00f3n y comunicaci\u00f3n con nuestros clientes.<\/p>\n\n\n\n<p><strong>2.2.2.<\/strong>&nbsp;Realizar propuestas a nuevos contactos.<\/p>\n\n\n\n<p><strong>2.2.3.<\/strong>&nbsp;El envio de comunicaciones y publicidad relativa a servicios y productos.<\/p>\n\n\n\n<p>En el caso de suscribirte a nuestra newsletter, te informamos que utilizamos la aplicaci\u00f3n Mailchimp para su gesti\u00f3n, lo cual implica una transferencia internacional de datos a Mailchimp (The Rocket Science Group LLC) para la prestaci\u00f3n del servicio, basada en una Decisi\u00f3n de adecuaci\u00f3n de la Comisi\u00f3n Europea (Decisi\u00f3n de Ejecuci\u00f3n (UE) 2016\/1250 de la Comisi\u00f3n, de 12 de julio de 2016, con arreglo a la Directiva 95\/46\/CE del Parlamento Europeo y del Consejo, sobre la adecuaci\u00f3n de la protecci\u00f3n conferida por el Escudo de la privacidad UE-EEUU.<\/p>\n\n\n\n<p>Asimismo, le informamos que esta empresa utiliza dispositivos de seguimiento de la actividad de los destinatarios, a fin de controlar la apertura de los correos y la pulsaci\u00f3n de los enlaces contenidos en los correos y recoger informaci\u00f3n como la direcci\u00f3n IP, navegador, tipo de cliente de correo electr\u00f3nico y detalles similares, para poder elaborar con la informaci\u00f3n recabada informes de seguimiento de las campa\u00f1as as\u00ed como mejorar la efectividad de los servicios de Mailchimp. Para m\u00e1s informaci\u00f3n puede consultar la Pol\u00edtica de Mailchimp:&nbsp;<em><a href=\"https:\/\/mailchimp.com\/legal\/privacy\/\" rel=\"noreferrer noopener\" target=\"_blank\">https:\/\/mailchimp.com\/legal\/privacy\/<\/a><\/em><\/p>\n\n\n\n<hr class=\"wp-block-separator has-alpha-channel-opacity\"\/>\n\n\n\n<h2 class=\"wp-block-heading\">(III).&nbsp;Utilizaci\u00f3n de Cookies y Remarketing<\/h2>\n\n\n\n<p><strong>VentanasProdeco.com<\/strong>&nbsp;podr\u00e1 utilizar \u00abcookies\u00bb cuando el Usuario navegue por cualquiera de sus p\u00e1ginas web.<\/p>\n\n\n\n<p>Una \u00abcookie\u00bb puede ser definida como un fichero de texto que un Sitio web almacena en el disco duro de su ordenador conteniendo informaci\u00f3n relativa al Usuario. Una vez que su navegador se cierra, la \u201ccookie\u201d implantada en el disco duro de su ordenador deja de funcionar.<\/p>\n\n\n\n<p>Prodeco Group se reserva la facultad de utilizar sus \u00abcookies\u00bb para lograr una mayor efectividad y eficacia de los servicios en l\u00ednea que presta a los Usuarios.<\/p>\n\n\n\n<p>Las ventajas que conlleva la aceptaci\u00f3n de nuestras \u201ccookies\u201d se traduce en un ahorro de tiempo toda vez que el usuario no tendr\u00e1 que verificar el proceso de registro con car\u00e1cter reiterativo. La ventaja adicional que proporcionan las \u00abcookies\u00bb es que nos permiten rastrear y delimitar sus intereses con el objeto de facilitar su estancia en nuestro Sitio web.<\/p>\n\n\n\n<p>El Usuario tiene la posibilidad de configurar su navegador para ser avisado en pantalla de la recepci\u00f3n de \u00abcookies\u00bb, as\u00ed como para impedir la instalaci\u00f3n de \u201ccookies\u201d en su disco duro. Es importante que si no desea aceptar la implantaci\u00f3n de \u00abcookies\u00bb, no olvide configurar su navegador en tal sentido. Aun cuando configurase su navegador en el sentido de rechazar la aceptaci\u00f3n de \u201ccookies\u201d, podr\u00e1 navegar en nuestro Sitio web siendo el \u00fanico inconveniente la imposibilidad de participar en todos y cada uno de los servicios ofertados.<\/p>\n\n\n\n<p><strong>Prodeco Group<\/strong>&nbsp;no asume responsabilidad alguna en cuanto a las \u201ccookies\u201d que terceras partes ajenas a nuestro servicio pudieran instalar en el disco duro de su ordenador.<\/p>\n\n\n\n<p>Nuestro web puede utilizar t\u00e9cnicas de remarketing. El remarketing permite que nuestros anuncios de publicidad sean mostrados a personas que han visitado previamente nuestro web. El remarketing es an\u00f3nimo y no se asocia en modo alguno a informaci\u00f3n personal.<\/p>\n\n\n\n<p>La utilizaci\u00f3n del remarketing requiere el uso de cookies que proveedores como Google o Double Click que entre otros sistemas se gestiona a trav\u00e9s de Google Analytics. Usted puede utilizar herramientas como el sistema&nbsp;<a href=\"https:\/\/adssettings.google.com\/authenticated\" target=\"_blank\" rel=\"noreferrer noopener\">configuraci\u00f3n de anuncios<\/a>&nbsp;de Google o inhabilitar las cookies de un proveedor tercero a trav\u00e9s de la&nbsp;<a href=\"https:\/\/thenai.org\/opt-out\/\" target=\"_blank\" rel=\"noreferrer noopener\">p\u00e1gina de inhabilitaci\u00f3n de Network Advertising Initiative<\/a>.<\/p>\n\n\n\n<h3 class=\"wp-block-heading\">Puede encontrar m\u00e1s informaci\u00f3n sobre nuestra pol\u00edtica de cookies en el siguiente enlace:&nbsp;<a href=\"https:\/\/www.ventanasprodeco.com\/cookies\">Pol\u00edtica de Cookies Prodeco Group<\/a><\/h3>\n\n\n\n<hr class=\"wp-block-separator has-alpha-channel-opacity\"\/>\n\n\n\n<h2 class=\"wp-block-heading\">(IV).&nbsp;Enlaces<\/h2>\n\n\n\n<p>El presente Sitio web incluye hiperv\u00ednculos (\u201cenlaces\u201d) que le permiten trasladarse a otras p\u00e1ginas o Sitios web. Prodeco Group no asume responsabilidad alguna en cuanto a las Pol\u00edticas de Protecci\u00f3n de Datos que pudieran adoptarse en los mismos, aconsejando a los Usuarios se informen del contenido de las mismas.<\/p>\n\n\n\n<p>En cualquier caso, los Usuarios son plenamente conscientes de que la presente Pol\u00edtica de Privacidad es de aplicaci\u00f3n, \u00fanica y exclusivamente a la informaci\u00f3n recogida en el presente Sitio web de&nbsp;<a href=\"https:\/\/www.ventanasprodeco.com\/\">VentanasProdeco.com.<\/a><\/p>\n\n\n\n<hr class=\"wp-block-separator has-alpha-channel-opacity\"\/>\n\n\n\n<h2 class=\"wp-block-heading\">(V).&nbsp;Derechos de acceso, rectificaci\u00f3n, cancelaci\u00f3n y oposici\u00f3n<\/h2>\n\n\n\n<p>Aquellas personas f\u00edsicas que hayan facilitado sus datos a Prodeco Group, podr\u00e1n dirigirse a \u00e9sta, como responsable del Fichero de Datos de Car\u00e1cter Personal, con el fin de poder ejercitar sus derechos de acceso, cancelaci\u00f3n, rectificaci\u00f3n y oposici\u00f3n respecto de los datos incorporados en el Fichero de Datos de Car\u00e1cter Personal.<\/p>\n\n\n\n<p>Dado el car\u00e1cter personal\u00edsimo de estos derechos, ser\u00e1 necesario que el afectado acredite su identidad frente a Prodeco Group.<\/p>\n\n\n\n<p>Prodeco Group se reserva la facultad de adoptar las medidas que fueren pertinentes con el objeto de verificar su identidad.<\/p>\n\n\n\n<p>Los derechos de acceso, rectificaci\u00f3n, cancelaci\u00f3n y oposici\u00f3n, podr\u00e1n ejercitarse con arreglo a lo establecido en la legislaci\u00f3n vigente. El Usuario deber\u00e1 enviar una comunicaci\u00f3n por escrito, dirigida al Departamento de Atenci\u00f3n al Cliente de Prodeco Group con sede en Calle General D\u00edaz Porlier 109, Local. Madrid (28009). Espa\u00f1a.<\/p>\n\n\n\n<p>Una vez recibida la solicitud, Prodeco Group proceder\u00e1 a notificarle su decisi\u00f3n en los plazos establecidos en la legislaci\u00f3n aplicable en cada momento.<\/p>\n\n\n\n<hr class=\"wp-block-separator has-alpha-channel-opacity\"\/>\n\n\n\n<h2 class=\"wp-block-heading\">(VI).&nbsp;Cambio de Normativa<\/h2>\n\n\n\n<p><strong>Prodeco Group<\/strong>&nbsp;se reserva el derecho de modificar la presente&nbsp;<strong>Pol\u00edtica de Privacidad<\/strong>&nbsp;con el objeto de adaptarla a las novedades legislativas o jurisprudenciales, as\u00ed como, a las que pudieran derivarse de c\u00f3digos tipo existentes en la materia o por motivos estrat\u00e9gicos y\/o corporativos. Todo ello, sin perjuicio de reclamar el consentimiento necesario de los afectados para realizar los tratamientos requeridos, cuando \u00e9ste no se considerase otorgado con arreglo a los t\u00e9rminos de la presente Pol\u00edtica de Privacidad.<\/p>\n\n\n\n<p>Cualquier duda, pregunta o comentario que pudiera albergar con referencia a la presente Pol\u00edtica de Privacidad, no dude en hac\u00e9rnosla saber dirigiendo su comunicaci\u00f3n al Departamento de Atenci\u00f3n al Cliente, con sede en Calle General D\u00edaz Porlier 109, Local. Madrid (28009). Espa\u00f1a.<\/p>\n\n\n\n<p><em>Actualizado: 01\/07\/2026<\/em><\/p>\n","protected":false},"excerpt":{"rendered":"<p>Introducci\u00f3n En&nbsp;Prodeco Group&nbsp;garantizamos la protecci\u00f3n de los datos de nuestros clientes. El sitio web de&nbsp;VentanasProdeco.com&nbsp;no reconoce de modo autom\u00e1tico ning\u00fan dato referente a la identidad de los visitantes de sus p\u00e1ginas. En aquellos supuestos en que el usuario solicite informaci\u00f3n sobre servicios o productos o desee realizar tramitaci\u00f3n de reclamaciones o incidencias, a trav\u00e9s del&hellip; <a class=\"more-link\" href=\"https:\/\/www.ventanasprodeco.com\/noticias\/politica-de-privacidad\/\">Seguir leyendo <span class=\"screen-reader-text\">Pol\u00edtica de privacidad<\/span><\/a><\/p>\n","protected":false},"author":1,"featured_media":0,"parent":0,"menu_order":0,"comment_status":"closed","ping_status":"closed","template":"","meta":{"footnotes":""},"class_list":["post-38","page","type-page","status-publish","hentry","entry"],"yoast_head":"<!-- This site is optimized with the Yoast SEO plugin v27.4 - https:\/\/yoast.com\/product\/yoast-seo-wordpress\/ -->\n<title>Pol\u00edtica de privacidad - Ventanas Prodeco<\/title>\n<meta name=\"description\" content=\"Pagina de Pol\u00edtica de privacidad de Ventanas Prodeco. Especialistas en Ventanas de Alta Calidad para tu Hogar o Negocio.\" \/>\n<meta name=\"robots\" content=\"index, follow, max-snippet:-1, max-image-preview:large, max-video-preview:-1\" \/>\n<link rel=\"canonical\" href=\"https:\/\/www.ventanasprodeco.com\/noticias\/politica-de-privacidad\/\" \/>\n<meta property=\"og:locale\" content=\"es_ES\" \/>\n<meta property=\"og:type\" content=\"article\" \/>\n<meta property=\"og:title\" content=\"Pol\u00edtica de privacidad - Ventanas Prodeco\" \/>\n<meta property=\"og:description\" content=\"Pagina de Pol\u00edtica de privacidad de Ventanas Prodeco. Especialistas en Ventanas de Alta Calidad para tu Hogar o Negocio.\" \/>\n<meta property=\"og:url\" content=\"https:\/\/www.ventanasprodeco.com\/noticias\/politica-de-privacidad\/\" \/>\n<meta property=\"og:site_name\" content=\"Ventanas Prodeco\" \/>\n<meta property=\"article:publisher\" content=\"https:\/\/www.facebook.com\/VentanasProdeco\" \/>\n<meta property=\"article:modified_time\" content=\"2026-01-07T09:31:18+00:00\" \/>\n<meta name=\"twitter:card\" content=\"summary_large_image\" \/>\n<meta name=\"twitter:site\" content=\"@VentanasProdeco\" \/>\n<meta name=\"twitter:label1\" content=\"Tiempo de lectura\" \/>\n\t<meta name=\"twitter:data1\" content=\"6 minutos\" \/>\n<script type=\"application\/ld+json\" class=\"yoast-schema-graph\">{\"@context\":\"https:\\\/\\\/schema.org\",\"@graph\":[{\"@type\":\"WebPage\",\"@id\":\"https:\\\/\\\/www.ventanasprodeco.com\\\/noticias\\\/politica-de-privacidad\\\/\",\"url\":\"https:\\\/\\\/www.ventanasprodeco.com\\\/noticias\\\/politica-de-privacidad\\\/\",\"name\":\"Pol\u00edtica de privacidad - Ventanas Prodeco\",\"isPartOf\":{\"@id\":\"https:\\\/\\\/www.ventanasprodeco.com\\\/noticias\\\/#website\"},\"datePublished\":\"2023-06-29T11:10:49+00:00\",\"dateModified\":\"2026-01-07T09:31:18+00:00\",\"description\":\"Pagina de Pol\u00edtica de privacidad de Ventanas Prodeco. Especialistas en Ventanas de Alta Calidad para tu Hogar o Negocio.\",\"breadcrumb\":{\"@id\":\"https:\\\/\\\/www.ventanasprodeco.com\\\/noticias\\\/politica-de-privacidad\\\/#breadcrumb\"},\"inLanguage\":\"es\",\"potentialAction\":[{\"@type\":\"ReadAction\",\"target\":[\"https:\\\/\\\/www.ventanasprodeco.com\\\/noticias\\\/politica-de-privacidad\\\/\"]}]},{\"@type\":\"BreadcrumbList\",\"@id\":\"https:\\\/\\\/www.ventanasprodeco.com\\\/noticias\\\/politica-de-privacidad\\\/#breadcrumb\",\"itemListElement\":[{\"@type\":\"ListItem\",\"position\":1,\"name\":\"Portada\",\"item\":\"https:\\\/\\\/www.ventanasprodeco.com\\\/noticias\\\/\"},{\"@type\":\"ListItem\",\"position\":2,\"name\":\"Pol\u00edtica de privacidad\"}]},{\"@type\":\"WebSite\",\"@id\":\"https:\\\/\\\/www.ventanasprodeco.com\\\/noticias\\\/#website\",\"url\":\"https:\\\/\\\/www.ventanasprodeco.com\\\/noticias\\\/\",\"name\":\"VentanasProdeco.com\",\"description\":\"Especialistas en Ventanas\",\"publisher\":{\"@id\":\"https:\\\/\\\/www.ventanasprodeco.com\\\/noticias\\\/#organization\"},\"potentialAction\":[{\"@type\":\"SearchAction\",\"target\":{\"@type\":\"EntryPoint\",\"urlTemplate\":\"https:\\\/\\\/www.ventanasprodeco.com\\\/noticias\\\/?s={search_term_string}\"},\"query-input\":{\"@type\":\"PropertyValueSpecification\",\"valueRequired\":true,\"valueName\":\"search_term_string\"}}],\"inLanguage\":\"es\"},{\"@type\":\"Organization\",\"@id\":\"https:\\\/\\\/www.ventanasprodeco.com\\\/noticias\\\/#organization\",\"name\":\"Ventanas Prodeco\",\"url\":\"https:\\\/\\\/www.ventanasprodeco.com\\\/noticias\\\/\",\"logo\":{\"@type\":\"ImageObject\",\"inLanguage\":\"es\",\"@id\":\"https:\\\/\\\/www.ventanasprodeco.com\\\/noticias\\\/#\\\/schema\\\/logo\\\/image\\\/\",\"url\":\"https:\\\/\\\/www.ventanasprodeco.com\\\/noticias\\\/wp-content\\\/uploads\\\/2023\\\/06\\\/cropped-logo.png\",\"contentUrl\":\"https:\\\/\\\/www.ventanasprodeco.com\\\/noticias\\\/wp-content\\\/uploads\\\/2023\\\/06\\\/cropped-logo.png\",\"width\":300,\"height\":65,\"caption\":\"Ventanas Prodeco\"},\"image\":{\"@id\":\"https:\\\/\\\/www.ventanasprodeco.com\\\/noticias\\\/#\\\/schema\\\/logo\\\/image\\\/\"},\"sameAs\":[\"https:\\\/\\\/www.facebook.com\\\/VentanasProdeco\",\"https:\\\/\\\/x.com\\\/VentanasProdeco\",\"https:\\\/\\\/www.tiktok.com\\\/@VentanasProdeco\",\"https:\\\/\\\/www.youtube.com\\\/@VentanasProdeco\"]}]}<\/script>\n<!-- \/ Yoast SEO plugin. -->","yoast_head_json":{"title":"Pol\u00edtica de privacidad - Ventanas Prodeco","description":"Pagina de Pol\u00edtica de privacidad de Ventanas Prodeco. Especialistas en Ventanas de Alta Calidad para tu Hogar o Negocio.","robots":{"index":"index","follow":"follow","max-snippet":"max-snippet:-1","max-image-preview":"max-image-preview:large","max-video-preview":"max-video-preview:-1"},"canonical":"https:\/\/www.ventanasprodeco.com\/noticias\/politica-de-privacidad\/","og_locale":"es_ES","og_type":"article","og_title":"Pol\u00edtica de privacidad - Ventanas Prodeco","og_description":"Pagina de Pol\u00edtica de privacidad de Ventanas Prodeco. Especialistas en Ventanas de Alta Calidad para tu Hogar o Negocio.","og_url":"https:\/\/www.ventanasprodeco.com\/noticias\/politica-de-privacidad\/","og_site_name":"Ventanas Prodeco","article_publisher":"https:\/\/www.facebook.com\/VentanasProdeco","article_modified_time":"2026-01-07T09:31:18+00:00","twitter_card":"summary_large_image","twitter_site":"@VentanasProdeco","twitter_misc":{"Tiempo de lectura":"6 minutos"},"schema":{"@context":"https:\/\/schema.org","@graph":[{"@type":"WebPage","@id":"https:\/\/www.ventanasprodeco.com\/noticias\/politica-de-privacidad\/","url":"https:\/\/www.ventanasprodeco.com\/noticias\/politica-de-privacidad\/","name":"Pol\u00edtica de privacidad - Ventanas Prodeco","isPartOf":{"@id":"https:\/\/www.ventanasprodeco.com\/noticias\/#website"},"datePublished":"2023-06-29T11:10:49+00:00","dateModified":"2026-01-07T09:31:18+00:00","description":"Pagina de Pol\u00edtica de privacidad de Ventanas Prodeco. Especialistas en Ventanas de Alta Calidad para tu Hogar o Negocio.","breadcrumb":{"@id":"https:\/\/www.ventanasprodeco.com\/noticias\/politica-de-privacidad\/#breadcrumb"},"inLanguage":"es","potentialAction":[{"@type":"ReadAction","target":["https:\/\/www.ventanasprodeco.com\/noticias\/politica-de-privacidad\/"]}]},{"@type":"BreadcrumbList","@id":"https:\/\/www.ventanasprodeco.com\/noticias\/politica-de-privacidad\/#breadcrumb","itemListElement":[{"@type":"ListItem","position":1,"name":"Portada","item":"https:\/\/www.ventanasprodeco.com\/noticias\/"},{"@type":"ListItem","position":2,"name":"Pol\u00edtica de privacidad"}]},{"@type":"WebSite","@id":"https:\/\/www.ventanasprodeco.com\/noticias\/#website","url":"https:\/\/www.ventanasprodeco.com\/noticias\/","name":"VentanasProdeco.com","description":"Especialistas en Ventanas","publisher":{"@id":"https:\/\/www.ventanasprodeco.com\/noticias\/#organization"},"potentialAction":[{"@type":"SearchAction","target":{"@type":"EntryPoint","urlTemplate":"https:\/\/www.ventanasprodeco.com\/noticias\/?s={search_term_string}"},"query-input":{"@type":"PropertyValueSpecification","valueRequired":true,"valueName":"search_term_string"}}],"inLanguage":"es"},{"@type":"Organization","@id":"https:\/\/www.ventanasprodeco.com\/noticias\/#organization","name":"Ventanas Prodeco","url":"https:\/\/www.ventanasprodeco.com\/noticias\/","logo":{"@type":"ImageObject","inLanguage":"es","@id":"https:\/\/www.ventanasprodeco.com\/noticias\/#\/schema\/logo\/image\/","url":"https:\/\/www.ventanasprodeco.com\/noticias\/wp-content\/uploads\/2023\/06\/cropped-logo.png","contentUrl":"https:\/\/www.ventanasprodeco.com\/noticias\/wp-content\/uploads\/2023\/06\/cropped-logo.png","width":300,"height":65,"caption":"Ventanas Prodeco"},"image":{"@id":"https:\/\/www.ventanasprodeco.com\/noticias\/#\/schema\/logo\/image\/"},"sameAs":["https:\/\/www.facebook.com\/VentanasProdeco","https:\/\/x.com\/VentanasProdeco","https:\/\/www.tiktok.com\/@VentanasProdeco","https:\/\/www.youtube.com\/@VentanasProdeco"]}]}},"_links":{"self":[{"href":"https:\/\/www.ventanasprodeco.com\/noticias\/wp-json\/wp\/v2\/pages\/38","targetHints":{"allow":["GET"]}}],"collection":[{"href":"https:\/\/www.ventanasprodeco.com\/noticias\/wp-json\/wp\/v2\/pages"}],"about":[{"href":"https:\/\/www.ventanasprodeco.com\/noticias\/wp-json\/wp\/v2\/types\/page"}],"author":[{"embeddable":true,"href":"https:\/\/www.ventanasprodeco.com\/noticias\/wp-json\/wp\/v2\/users\/1"}],"replies":[{"embeddable":true,"href":"https:\/\/www.ventanasprodeco.com\/noticias\/wp-json\/wp\/v2\/comments?post=38"}],"version-history":[{"count":1,"href":"https:\/\/www.ventanasprodeco.com\/noticias\/wp-json\/wp\/v2\/pages\/38\/revisions"}],"predecessor-version":[{"id":1715,"href":"https:\/\/www.ventanasprodeco.com\/noticias\/wp-json\/wp\/v2\/pages\/38\/revisions\/1715"}],"wp:attachment":[{"href":"https:\/\/www.ventanasprodeco.com\/noticias\/wp-json\/wp\/v2\/media?parent=38"}],"curies":[{"name":"wp","href":"https:\/\/api.w.org\/{rel}","templated":true}]}}