{"version":"1.0","provider_name":"Ventanas Prodeco","provider_url":"https:\/\/www.ventanasprodeco.com\/noticias","author_name":"Ventanas Prodeco","author_url":"https:\/\/www.ventanasprodeco.com\/noticias\/author\/admin\/","title":"El Impacto de las Ventanas en la Ac\u00fastica Interior - Ventanas Prodeco","type":"rich","width":600,"height":338,"html":"<blockquote class=\"wp-embedded-content\" data-secret=\"PG1anpHtV6\"><a href=\"https:\/\/www.ventanasprodeco.com\/noticias\/ventanas-acustica-interior\/\">El Impacto de las Ventanas en la Ac\u00fastica Interior<\/a><\/blockquote><iframe sandbox=\"allow-scripts\" security=\"restricted\" src=\"https:\/\/www.ventanasprodeco.com\/noticias\/ventanas-acustica-interior\/embed\/#?secret=PG1anpHtV6\" width=\"600\" height=\"338\" title=\"\u00abEl Impacto de las Ventanas en la Ac\u00fastica Interior\u00bb \u2014 Ventanas Prodeco\" data-secret=\"PG1anpHtV6\" frameborder=\"0\" marginwidth=\"0\" marginheight=\"0\" scrolling=\"no\" class=\"wp-embedded-content\"><\/iframe><script>\n\/*! This file is auto-generated *\/\n!function(d,l){\"use strict\";l.querySelector&&d.addEventListener&&\"undefined\"!=typeof URL&&(d.wp=d.wp||{},d.wp.receiveEmbedMessage||(d.wp.receiveEmbedMessage=function(e){var t=e.data;if((t||t.secret||t.message||t.value)&&!\/[^a-zA-Z0-9]\/.test(t.secret)){for(var s,r,n,a=l.querySelectorAll('iframe[data-secret=\"'+t.secret+'\"]'),o=l.querySelectorAll('blockquote[data-secret=\"'+t.secret+'\"]'),c=new RegExp(\"^https?:$\",\"i\"),i=0;i<o.length;i++)o[i].style.display=\"none\";for(i=0;i<a.length;i++)s=a[i],e.source===s.contentWindow&&(s.removeAttribute(\"style\"),\"height\"===t.message?(1e3<(r=parseInt(t.value,10))?r=1e3:~~r<200&&(r=200),s.height=r):\"link\"===t.message&&(r=new URL(s.getAttribute(\"src\")),n=new URL(t.value),c.test(n.protocol))&&n.host===r.host&&l.activeElement===s&&(d.top.location.href=t.value))}},d.addEventListener(\"message\",d.wp.receiveEmbedMessage,!1),l.addEventListener(\"DOMContentLoaded\",function(){for(var e,t,s=l.querySelectorAll(\"iframe.wp-embedded-content\"),r=0;r<s.length;r++)(t=(e=s[r]).getAttribute(\"data-secret\"))||(t=Math.random().toString(36).substring(2,12),e.src+=\"#?secret=\"+t,e.setAttribute(\"data-secret\",t)),e.contentWindow.postMessage({message:\"ready\",secret:t},\"*\")},!1)))}(window,document);\n\/\/# sourceURL=https:\/\/www.ventanasprodeco.com\/noticias\/wp-includes\/js\/wp-embed.min.js\n<\/script>\n","thumbnail_url":"https:\/\/www.ventanasprodeco.com\/noticias\/wp-content\/uploads\/2025\/07\/Noticia_Prodeco_PL-1024x683.png","thumbnail_width":1024,"thumbnail_height":683,"description":"Cuando pensamos en aislamiento ac\u00fastico, solemos pensar en bloquear el ruido de la calle. Pero las ventanas de Ventanas Prodeco van mucho m\u00e1s all\u00e1, mejorando tambi\u00e9n la ac\u00fastica interior de tu hogar. No solo detienen el sonido de fuera, sino que crean un ambiente m\u00e1s agradable dentro, reduciendo ecos y reverberaciones. El Secreto del Confort&hellip; Seguir leyendo Sin t\u00edtulo"}

El Impacto de las Ventanas en la Acústica Interior - Ventanas Prodeco

<blockquote class="wp-embedded-content" data-secret="PG1anpHtV6"><a href="https://www.ventanasprodeco.com/noticias/ventanas-acustica-interior/">El Impacto de las Ventanas en la Acústica Interior</a></blockquote><iframe sandbox="allow-scripts" security="restricted" src="https://www.ventanasprodeco.com/noticias/ventanas-acustica-interior/embed/#?secret=PG1anpHtV6" width="600" height="338" title="«El Impacto de las Ventanas en la Acústica Interior» — Ventanas Prodeco" data-secret="PG1anpHtV6" frameborder="0" marginwidth="0" marginheight="0" scrolling="no" class="wp-embedded-content"></iframe><script>
/*! This file is auto-generated */
!function(d,l){"use strict";l.querySelector&&d.addEventListener&&"undefined"!=typeof URL&&(d.wp=d.wp||{},d.wp.receiveEmbedMessage||(d.wp.receiveEmbedMessage=function(e){var t=e.data;if((t||t.secret||t.message||t.value)&&!/[^a-zA-Z0-9]/.test(t.secret)){for(var s,r,n,a=l.querySelectorAll('iframe[data-secret="'+t.secret+'"]'),o=l.querySelectorAll('blockquote[data-secret="'+t.secret+'"]'),c=new RegExp("^https?:$","i"),i=0;i<o.length;i++)o[i].style.display="none";for(i=0;i<a.length;i++)s=a[i],e.source===s.contentWindow&&(s.removeAttribute("style"),"height"===t.message?(1e3<(r=parseInt(t.value,10))?r=1e3:~~r<200&&(r=200),s.height=r):"link"===t.message&&(r=new URL(s.getAttribute("src")),n=new URL(t.value),c.test(n.protocol))&&n.host===r.host&&l.activeElement===s&&(d.top.location.href=t.value))}},d.addEventListener("message",d.wp.receiveEmbedMessage,!1),l.addEventListener("DOMContentLoaded",function(){for(var e,t,s=l.querySelectorAll("iframe.wp-embedded-content"),r=0;r<s.length;r++)(t=(e=s[r]).getAttribute("data-secret"))||(t=Math.random().toString(36).substring(2,12),e.src+="#?secret="+t,e.setAttribute("data-secret",t)),e.contentWindow.postMessage({message:"ready",secret:t},"*")},!1)))}(window,document);
//# sourceURL=https://www.ventanasprodeco.com/noticias/wp-includes/js/wp-embed.min.js
</script>

Cuando pensamos en aislamiento acústico, solemos pensar en bloquear el ruido de la calle. Pero las ventanas de Ventanas Prodeco van mucho más allá, mejorando también la acústica interior de tu hogar. No solo detienen el sonido de fuera, sino que crean un ambiente más agradable dentro, reduciendo ecos y reverberaciones. El Secreto del Confort&hellip; Seguir leyendo Sin título
